{"id":7740,"date":"2019-05-27T14:20:49","date_gmt":"2019-05-27T13:20:49","guid":{"rendered":"https:\/\/rmvalencia.com\/formularis\/prestadores-de-servicios\/"},"modified":"2019-09-11T17:12:11","modified_gmt":"2019-09-11T16:12:11","slug":"prestadors-de-serveis","status":"publish","type":"page","link":"https:\/\/rmvalencia.com\/val\/formularis\/prestadors-de-serveis\/","title":{"rendered":"Prestadors de Serveis"},"content":{"rendered":"<div  class=\"tatsu-r1Zi_4wY64 tatsu-section    tatsu-clearfix\" data-title=\"\"  data-headerscheme=\"background--dark\"><div class='tatsu-section-pad clearfix' data-padding='{\"d\":\"90px 0px 90px 0px\"}' data-padding-top='90px'><div class=\"tatsu-row-wrap  tatsu-wrap tatsu-row-one-col tatsu-row-has-one-cols tatsu-medium-gutter tatsu-reg-cols  tatsu-clearfix tatsu-rkls_VvKaV\" ><div  class=\"tatsu-row \" ><div  class=\"tatsu-column  tatsu-column-no-bg tatsu-one-col tatsu-column-image-none tatsu-column-effect-none  tatsu-SyodEPK6V\" data-animation=\"fadeIn\"   data-parallax-speed=\"0\" style=\"\"><div class=\"tatsu-column-inner \" ><div class=\"tatsu-column-pad-wrap\"><div class=\"tatsu-column-pad\" ><div  class=\"tatsu-module tatsu-text-block-wrap tatsu-B1CFNDtpE  \"><div class=\"tatsu-text-inner tatsu-align-center  clearfix\" data-animation=\"fadeIn\"  ><style>.tatsu-B1CFNDtpE.tatsu-text-block-wrap .tatsu-text-inner{width: 100%;text-align: left;}<\/style>\n<h6 style=\"text-align: justify;\"><strong><span style=\"font-size: 12pt; color: #af2d1e;\">Formularis oficials per a Prestadors de Serveis a Societats i Fide\u00efcomisos allotjats en <a href=\"http:\/\/www.registradores.org\/instancias-de-presentacion\/\">registradores.org<\/a>\u00a0<\/span><\/strong><\/h6>\n<h6 style=\"text-align: justify;\"><span style=\"font-size: 12pt;\">Han de descarregar-ho, emplenar i <a href=\"https:\/\/www.sede.fnmt.gob.es\/preguntas-frecuentes\/otras-preguntas\/-\/asset_publisher\/1RphW9IeUoAH\/content\/1677-como-puedo-firmar-un-documento-pdf-con-adobe-acrobat-reader-dc-?inheritRedirect=false\">signar<\/a> digitalment.<\/span><\/h6>\n<p style=\"text-align: justify;\"><a href=\"http:\/\/www.registradores.org\/instancias-de-presentacion\/\" target=\"_blank\" rel=\"noopener noreferrer\"><span style=\"font-size: 12pt;\">Alta\/Baixa Prestador de Serveis. Persones Juridiq\u00fces.<\/span><\/a><\/p>\n<p style=\"text-align: justify; padding-left: 40px;\"><strong><span style=\"font-size: 12pt; color: #000000;\">Es deur\u00e0 presenta simult\u00e0niament, a trav\u00e9s de l&#8217;aplicaci\u00f3 \u00ab*IURE\u00bb (veure manual d&#8217;\u00fas), la declaraci\u00f3 de Titularitat Real sempre que l&#8217;entitat no present comptes en el Registre Mercantil. En el cas que si les presente, nom\u00e9s s&#8217;haur\u00e0 de presentar aquesta declaraci\u00f3 si hi ha hagut algun canvi en la mateixa des de l&#8217;\u00faltima declaraci\u00f3 depositada.<\/span><\/strong><\/p>\n<p style=\"text-align: justify; padding-left: 40px;\"><span style=\"font-size: 12pt;\">Les <strong><span style=\"color: #af2d1e;\">Entitats no inscrites<\/span><\/strong> conforme a l&#8217;Art. 81 del Reglament de Registre Mercantil, i sotmeses a aquesta llei 10\/2010 hauran <strong><span style=\"color: #000000;\">d&#8217;adjuntar a l&#8217;enviament<\/span><\/strong> la seg\u00fcent <strong>documentaci\u00f3 per a la seua pr\u00e8via inscripci\u00f3<\/strong> en el Registre :<\/span><\/p>\n<ul>\n<li style=\"list-style-type: none;\">\n<ul>\n<li style=\"list-style-type: none;\">\n<ul>\n<li style=\"text-align: justify;\"><span style=\"font-size: 12pt; color: #000000;\">Document acreditatiu de la vig\u00e8ncia de l&#8217;entitat i la seua inscripci\u00f3 en el registre administratiu corresponent.<\/span><\/li>\n<li style=\"text-align: justify;\"><span style=\"font-size: 12pt; color: #000000;\">Estatuts vigent o si escau contracte social.<\/span><\/li>\n<li style=\"text-align: justify;\"><span style=\"font-size: 12pt; color: #000000;\">Certificat de c\u00e0rrecs vigents del registre administratiu corresponent<\/span><\/li>\n<\/ul>\n<\/li>\n<\/ul>\n<\/li>\n<\/ul>\n<p style=\"text-align: justify; padding-left: 40px;\"><strong><span style=\"font-size: 12pt; color: #008000;\">*Tota persona Jur\u00eddica inscrita com a prestadora de serveis a societats, haur\u00e0 de presentar comptes anuals en el Registre Mercantil, emplenant el document \u201cprestadors de serveis\u201d.<\/span><\/strong><\/p>\n<p style=\"text-align: justify;\"><a href=\"http:\/\/www.registradores.org\/instancias-de-presentacion\/\" target=\"_blank\" rel=\"noopener noreferrer\"><span style=\"font-size: 12pt;\">Alta\/Baixa Prestador de Serveis. Persones F\u00edsiques Professionals.<\/span><\/a><\/p>\n<p style=\"text-align: justify; padding-left: 40px;\"><span style=\"font-size: 12pt;\">Publicat el <strong><span style=\"color: #008000;\">4 de setembre de 2019<\/span><\/strong> <span style=\"color: #000000;\">\u201dInstrucci\u00f3 DGRN sobre la inscripci\u00f3 en el Registre Mercantil de les Persones F\u00edsiques Professionals que presten serveis descrits en l&#8217;articule 2.1.o), de 28 d&#8217;Abril, de Prevenci\u00f3 de Blanqueig de Capitals i Finan\u00e7ament del Terrorisme\u201d<\/span><a href=\"https:\/\/www.boe.es\/boe\/dias\/2019\/09\/04\/pdfs\/BOE-A-2019-12704.pdf\"> (Punxe ac\u00ed).<\/a><\/span><\/p>\n<blockquote>\n<p style=\"text-align: justify;\"><span style=\"font-size: 12pt; color: #000000;\"><strong>El termini d&#8217;inscripci\u00f3 per a les persones f\u00edsiques professionals ha sigut <span style=\"color: #008000;\">PRORROGAT FINS A 31\/12\/2019<\/span><\/strong><\/span><\/p>\n<\/blockquote>\n<p style=\"text-align: justify;\"><a href=\"http:\/\/www.registradores.org\/instancias-de-presentacion\/\" target=\"_blank\" rel=\"noopener noreferrer\"><span style=\"font-size: 12pt;\">Alta\/Baixa Prestador de Serveis. Persones F\u00edsiques- Empresaris Individuals.<\/span><\/a><\/p>\n<p style=\"text-align: justify; padding-left: 40px;\"><strong><span style=\"font-size: 12pt; color: #000000;\">Ser\u00e0 necessari per a la inscripci\u00f3 en el Registre de Prestadors per a Societats i Fide\u00efcomisos de la persones f\u00edsiques empres\u00e0ries (No Professionals) <a href=\"https:\/\/rmvalencia.com\/fileadmin\/Formularios\/Espa%C3%B1ol\/Prestadores\/EMPRESARIO%20INDIVIDUAL%2014%2008.pdf\">la inscripci\u00f3 pr\u00e8via o simultaneja del sol\u00b7licitant<\/a> com a empresari individual, amb els requisits establits en l&#8217;article 87 i seg\u00fcents del reglament del registre mercantil.<\/span><\/strong><\/p>\n<p style=\"text-align: justify; padding-left: 40px;\"><span style=\"font-size: 12pt; color: #008000;\">*Tota persona F\u00edsica \u2013 Empres\u00e0ria Individual inscrita com a prestadora de serveis a societats, haur\u00e0 de presentar comptes anuals en el Registre Mercantil, emplenant el document \u201cprestadors de serveis\u201d.<\/span><\/p>\n<p style=\"text-align: justify;\"><strong><span style=\"font-size: 12pt; color: #af2d1e;\">Formulari d&#8217;Inscripci\u00f3 Empresari Individual:<\/span><\/strong><\/p>\n<p style=\"text-align: justify; padding-left: 40px;\"><a href=\"https:\/\/rmvalencia.com\/fileadmin\/Formularios\/Espa%C3%B1ol\/Prestadores\/EMPRESARIO%20INDIVIDUAL%2014%2008.pdf\"><span style=\"font-size: 12pt;\">Formulari d&#8217;Inscripci\u00f3 d&#8217;Empresari Individual<\/span><\/a><\/p>\n<\/div><\/div><\/div><\/div><div class = \"tatsu-column-bg-image-wrap\"><div class = \"tatsu-column-bg-image\" ><\/div><\/div><\/div><style>.tatsu-row > .tatsu-SyodEPK6V.tatsu-column{width: 100%;}.tatsu-SyodEPK6V.tatsu-column > .tatsu-column-inner > .tatsu-column-overlay{mix-blend-mode: none;}.tatsu-SyodEPK6V > .tatsu-column-inner > .tatsu-top-divider{z-index: 9999;}.tatsu-SyodEPK6V > .tatsu-column-inner > .tatsu-bottom-divider{z-index: 9999;}.tatsu-SyodEPK6V > .tatsu-column-inner > .tatsu-left-divider{z-index: 9999;}.tatsu-SyodEPK6V > .tatsu-column-inner > .tatsu-right-divider{z-index: 9999;}.tatsu-SyodEPK6V.tatsu-column{transform: translate3d(0px,0px, 0);}@media only screen and (max-width:1377px) {.tatsu-row > .tatsu-SyodEPK6V.tatsu-column{width: 100%;}}@media only screen and (min-width:768px) and (max-width: 1024px) {.tatsu-row > .tatsu-SyodEPK6V.tatsu-column{width: 100%;}}@media only screen and (max-width: 767px) {.tatsu-row > .tatsu-SyodEPK6V.tatsu-column{width: 100%;}}<\/style><\/div><\/div><\/div><\/div><div class=\"tatsu-section-background-wrap\"><div class = \"tatsu-section-background\" ><\/div><\/div><style>.tatsu-r1Zi_4wY64 .tatsu-section-pad{padding: 90px 0px 90px 0px;}.tatsu-r1Zi_4wY64 > .tatsu-bottom-divider{z-index: 9999;}.tatsu-r1Zi_4wY64 > .tatsu-top-divider{z-index: 9999;}<\/style><\/div>\n","protected":false},"excerpt":{"rendered":"<p><a href=\"https:\/\/rmvalencia.com\/val\/formularis\/prestadors-de-serveis\/\" class=\"more-link style3-button\">Read More<\/a><\/p>","protected":false},"author":8,"featured_media":0,"parent":6267,"menu_order":0,"comment_status":"closed","ping_status":"closed","template":"page-with-title.php","meta":{"footnotes":""},"class_list":["post-7740","page","type-page","status-publish","hentry"],"_links":{"self":[{"href":"https:\/\/rmvalencia.com\/val\/wp-json\/wp\/v2\/pages\/7740","targetHints":{"allow":["GET"]}}],"collection":[{"href":"https:\/\/rmvalencia.com\/val\/wp-json\/wp\/v2\/pages"}],"about":[{"href":"https:\/\/rmvalencia.com\/val\/wp-json\/wp\/v2\/types\/page"}],"author":[{"embeddable":true,"href":"https:\/\/rmvalencia.com\/val\/wp-json\/wp\/v2\/users\/8"}],"replies":[{"embeddable":true,"href":"https:\/\/rmvalencia.com\/val\/wp-json\/wp\/v2\/comments?post=7740"}],"version-history":[{"count":0,"href":"https:\/\/rmvalencia.com\/val\/wp-json\/wp\/v2\/pages\/7740\/revisions"}],"up":[{"embeddable":true,"href":"https:\/\/rmvalencia.com\/val\/wp-json\/wp\/v2\/pages\/6267"}],"wp:attachment":[{"href":"https:\/\/rmvalencia.com\/val\/wp-json\/wp\/v2\/media?parent=7740"}],"curies":[{"name":"wp","href":"https:\/\/api.w.org\/{rel}","templated":true}]}}

<div  class="tatsu-r1Zi_4wY64 tatsu-section    tatsu-clearfix" data-title=""  data-headerscheme="background--dark"><div class='tatsu-section-pad clearfix' data-padding='{"d":"90px 0px 90px 0px"}' data-padding-top='90px'><div class="tatsu-row-wrap  tatsu-wrap tatsu-row-one-col tatsu-row-has-one-cols tatsu-medium-gutter tatsu-reg-cols  tatsu-clearfix tatsu-rkls_VvKaV" ><div  class="tatsu-row " ><div  class="tatsu-column  tatsu-column-no-bg tatsu-one-col tatsu-column-image-none tatsu-column-effect-none  tatsu-SyodEPK6V" data-animation="fadeIn"   data-parallax-speed="0" style=""><div class="tatsu-column-inner " ><div class="tatsu-column-pad-wrap"><div class="tatsu-column-pad" ><div  class="tatsu-module tatsu-text-block-wrap tatsu-B1CFNDtpE  "><div class="tatsu-text-inner tatsu-align-center  clearfix" data-animation="fadeIn"  ><style>.tatsu-B1CFNDtpE.tatsu-text-block-wrap .tatsu-text-inner{width: 100%;text-align: left;}</style>
<h6 style="text-align: justify;"><strong><span style="font-size: 12pt; color: #af2d1e;">Formularis oficials per a Prestadors de Serveis a Societats i Fideïcomisos allotjats en <a href="http://www.registradores.org/instancias-de-presentacion/">registradores.org</a> </span></strong></h6>
<h6 style="text-align: justify;"><span style="font-size: 12pt;">Han de descarregar-ho, emplenar i <a href="https://www.sede.fnmt.gob.es/preguntas-frecuentes/otras-preguntas/-/asset_publisher/1RphW9IeUoAH/content/1677-como-puedo-firmar-un-documento-pdf-con-adobe-acrobat-reader-dc-?inheritRedirect=false">signar</a> digitalment.</span></h6>
<p style="text-align: justify;"><a href="http://www.registradores.org/instancias-de-presentacion/" target="_blank" rel="noopener noreferrer"><span style="font-size: 12pt;">Alta/Baixa Prestador de Serveis. Persones Juridiqües.</span></a></p>
<p style="text-align: justify; padding-left: 40px;"><strong><span style="font-size: 12pt; color: #000000;">Es deurà presenta simultàniament, a través de l&#8217;aplicació «*IURE» (veure manual d&#8217;ús), la declaració de Titularitat Real sempre que l&#8217;entitat no present comptes en el Registre Mercantil. En el cas que si les presente, només s&#8217;haurà de presentar aquesta declaració si hi ha hagut algun canvi en la mateixa des de l&#8217;última declaració depositada.</span></strong></p>
<p style="text-align: justify; padding-left: 40px;"><span style="font-size: 12pt;">Les <strong><span style="color: #af2d1e;">Entitats no inscrites</span></strong> conforme a l&#8217;Art. 81 del Reglament de Registre Mercantil, i sotmeses a aquesta llei 10/2010 hauran <strong><span style="color: #000000;">d&#8217;adjuntar a l&#8217;enviament</span></strong> la següent <strong>documentació per a la seua prèvia inscripció</strong> en el Registre :</span></p>
<ul>
<li style="list-style-type: none;">
<ul>
<li style="list-style-type: none;">
<ul>
<li style="text-align: justify;"><span style="font-size: 12pt; color: #000000;">Document acreditatiu de la vigència de l&#8217;entitat i la seua inscripció en el registre administratiu corresponent.</span></li>
<li style="text-align: justify;"><span style="font-size: 12pt; color: #000000;">Estatuts vigent o si escau contracte social.</span></li>
<li style="text-align: justify;"><span style="font-size: 12pt; color: #000000;">Certificat de càrrecs vigents del registre administratiu corresponent</span></li>
</ul>
</li>
</ul>
</li>
</ul>
<p style="text-align: justify; padding-left: 40px;"><strong><span style="font-size: 12pt; color: #008000;">*Tota persona Jurídica inscrita com a prestadora de serveis a societats, haurà de presentar comptes anuals en el Registre Mercantil, emplenant el document “prestadors de serveis”.</span></strong></p>
<p style="text-align: justify;"><a href="http://www.registradores.org/instancias-de-presentacion/" target="_blank" rel="noopener noreferrer"><span style="font-size: 12pt;">Alta/Baixa Prestador de Serveis. Persones Físiques Professionals.</span></a></p>
<p style="text-align: justify; padding-left: 40px;"><span style="font-size: 12pt;">Publicat el <strong><span style="color: #008000;">4 de setembre de 2019</span></strong> <span style="color: #000000;">”Instrucció DGRN sobre la inscripció en el Registre Mercantil de les Persones Físiques Professionals que presten serveis descrits en l&#8217;articule 2.1.o), de 28 d&#8217;Abril, de Prevenció de Blanqueig de Capitals i Finançament del Terrorisme”</span><a href="https://www.boe.es/boe/dias/2019/09/04/pdfs/BOE-A-2019-12704.pdf"> (Punxe ací).</a></span></p>
<blockquote>
<p style="text-align: justify;"><span style="font-size: 12pt; color: #000000;"><strong>El termini d&#8217;inscripció per a les persones físiques professionals ha sigut <span style="color: #008000;">PRORROGAT FINS A 31/12/2019</span></strong></span></p>
</blockquote>
<p style="text-align: justify;"><a href="http://www.registradores.org/instancias-de-presentacion/" target="_blank" rel="noopener noreferrer"><span style="font-size: 12pt;">Alta/Baixa Prestador de Serveis. Persones Físiques- Empresaris Individuals.</span></a></p>
<p style="text-align: justify; padding-left: 40px;"><strong><span style="font-size: 12pt; color: #000000;">Serà necessari per a la inscripció en el Registre de Prestadors per a Societats i Fideïcomisos de la persones físiques empresàries (No Professionals) <a href="https://rmvalencia.com/fileadmin/Formularios/Espa%C3%B1ol/Prestadores/EMPRESARIO%20INDIVIDUAL%2014%2008.pdf">la inscripció prèvia o simultaneja del sol·licitant</a> com a empresari individual, amb els requisits establits en l&#8217;article 87 i següents del reglament del registre mercantil.</span></strong></p>
<p style="text-align: justify; padding-left: 40px;"><span style="font-size: 12pt; color: #008000;">*Tota persona Física – Empresària Individual inscrita com a prestadora de serveis a societats, haurà de presentar comptes anuals en el Registre Mercantil, emplenant el document “prestadors de serveis”.</span></p>
<p style="text-align: justify;"><strong><span style="font-size: 12pt; color: #af2d1e;">Formulari d&#8217;Inscripció Empresari Individual:</span></strong></p>
<p style="text-align: justify; padding-left: 40px;"><a href="https://rmvalencia.com/fileadmin/Formularios/Espa%C3%B1ol/Prestadores/EMPRESARIO%20INDIVIDUAL%2014%2008.pdf"><span style="font-size: 12pt;">Formulari d&#8217;Inscripció d&#8217;Empresari Individual</span></a></p>
</div></div></div></div><div class = "tatsu-column-bg-image-wrap"><div class = "tatsu-column-bg-image" ></div></div></div><style>.tatsu-row > .tatsu-SyodEPK6V.tatsu-column{width: 100%;}.tatsu-SyodEPK6V.tatsu-column > .tatsu-column-inner > .tatsu-column-overlay{mix-blend-mode: none;}.tatsu-SyodEPK6V > .tatsu-column-inner > .tatsu-top-divider{z-index: 9999;}.tatsu-SyodEPK6V > .tatsu-column-inner > .tatsu-bottom-divider{z-index: 9999;}.tatsu-SyodEPK6V > .tatsu-column-inner > .tatsu-left-divider{z-index: 9999;}.tatsu-SyodEPK6V > .tatsu-column-inner > .tatsu-right-divider{z-index: 9999;}.tatsu-SyodEPK6V.tatsu-column{transform: translate3d(0px,0px, 0);}@media only screen and (max-width:1377px) {.tatsu-row > .tatsu-SyodEPK6V.tatsu-column{width: 100%;}}@media only screen and (min-width:768px) and (max-width: 1024px) {.tatsu-row > .tatsu-SyodEPK6V.tatsu-column{width: 100%;}}@media only screen and (max-width: 767px) {.tatsu-row > .tatsu-SyodEPK6V.tatsu-column{width: 100%;}}</style></div></div></div></div><div class="tatsu-section-background-wrap"><div class = "tatsu-section-background" ></div></div><style>.tatsu-r1Zi_4wY64 .tatsu-section-pad{padding: 90px 0px 90px 0px;}.tatsu-r1Zi_4wY64 > .tatsu-bottom-divider{z-index: 9999;}.tatsu-r1Zi_4wY64 > .tatsu-top-divider{z-index: 9999;}</style></div>
